{"id":170,"date":"2023-03-21T22:49:43","date_gmt":"2023-03-22T04:49:43","guid":{"rendered":"https:\/\/toroconductual.wordpress.com\/?page_id=170"},"modified":"2025-02-09T00:17:07","modified_gmt":"2025-02-09T06:17:07","slug":"historias","status":"publish","type":"page","link":"https:\/\/toroconductual.com\/index.php\/historias\/","title":{"rendered":"Recursos y publicaciones"},"content":{"rendered":"\n<p class=\"has-text-align-center has-text-color has-small-font-size\" style=\"color:#967e7e\">LAS HISTORIAS M\u00c1S RECIENTES<\/p>\n\n\n\n<div class=\"wp-block-query alignfull is-layout-flow wp-block-query-is-layout-flow\"><ul class=\"columns-3 wp-block-post-template is-layout-grid wp-container-core-post-template-is-layout-6d3fbd8f wp-block-post-template-is-layout-grid\"><li class=\"wp-block-post post-582 post type-post status-publish format-standard has-post-thumbnail hentry category-finanzas-conductuales-patrimoniales tag-inversiones tag-riqueza tag-inversiones-2 tag-prueba-social tag-sesgo-de-manada tag-sesgos\">\n<figure class=\"wp-block-post-featured-image\"><img decoding=\"async\" width=\"2560\" height=\"1205\" src=\"https:\/\/toroconductual.com\/wp-content\/uploads\/2025\/08\/pexels-matthiaszomer-97317-scaled.jpg\" class=\"attachment-post-thumbnail size-post-thumbnail wp-post-image\" alt=\"Sesgo de manada (Herd Mentality)\" style=\"object-fit:cover;\" srcset=\"https:\/\/toroconductual.com\/wp-content\/uploads\/2025\/08\/pexels-matthiaszomer-97317-scaled.jpg 2560w, https:\/\/toroconductual.com\/wp-content\/uploads\/2025\/08\/pexels-matthiaszomer-97317-300x141.jpg 300w, https:\/\/toroconductual.com\/wp-content\/uploads\/2025\/08\/pexels-matthiaszomer-97317-1024x482.jpg 1024w, https:\/\/toroconductual.com\/wp-content\/uploads\/2025\/08\/pexels-matthiaszomer-97317-768x362.jpg 768w, https:\/\/toroconductual.com\/wp-content\/uploads\/2025\/08\/pexels-matthiaszomer-97317-1536x723.jpg 1536w, https:\/\/toroconductual.com\/wp-content\/uploads\/2025\/08\/pexels-matthiaszomer-97317-2048x964.jpg 2048w\" sizes=\"(max-width: 2560px) 100vw, 2560px\" \/><\/figure>\n\n\n<div style=\"height:20px\" aria-hidden=\"true\" class=\"wp-block-spacer\"><\/div>\n\n\n<div class=\"wp-block-post-date has-tiny-font-size\"><time datetime=\"2025-08-17T18:57:38-06:00\">17 de agosto de 2025<\/time><\/div>\n\n\n<div style=\"height:10px\" aria-hidden=\"true\" class=\"wp-block-spacer\"><\/div>\n\n\n<h2 style=\"line-height:1.5;\" class=\"wp-block-post-title has-large-font-size\"><a href=\"https:\/\/toroconductual.com\/index.php\/2025\/08\/17\/por-que-la-manada-manda-en-tus-inversiones\/\" target=\"_self\" >\u00bfPOR QU\u00c9 LA MANADA MANDA EN TUS INVERSIONES?<\/a><\/h2>\n\n\n<div style=\"height:40px\" aria-hidden=\"true\" class=\"wp-block-spacer\"><\/div>\n\n<\/li><li class=\"wp-block-post post-481 post type-post status-publish format-standard has-post-thumbnail hentry category-finanzas-conductuales-patrimoniales tag-finanzaspersonales tag-inversiones tag-libertadfinanciera tag-patrimonio tag-riqueza\">\n<figure class=\"wp-block-post-featured-image\"><img decoding=\"async\" width=\"1280\" height=\"773\" src=\"https:\/\/toroconductual.com\/wp-content\/uploads\/2024\/03\/information-processing-4053081_1280.jpg\" class=\"attachment-post-thumbnail size-post-thumbnail wp-post-image\" alt=\"\" style=\"object-fit:cover;\" srcset=\"https:\/\/toroconductual.com\/wp-content\/uploads\/2024\/03\/information-processing-4053081_1280.jpg 1280w, https:\/\/toroconductual.com\/wp-content\/uploads\/2024\/03\/information-processing-4053081_1280-300x181.jpg 300w, https:\/\/toroconductual.com\/wp-content\/uploads\/2024\/03\/information-processing-4053081_1280-1024x618.jpg 1024w, https:\/\/toroconductual.com\/wp-content\/uploads\/2024\/03\/information-processing-4053081_1280-768x464.jpg 768w\" sizes=\"(max-width: 1280px) 100vw, 1280px\" \/><\/figure>\n\n\n<div style=\"height:20px\" aria-hidden=\"true\" class=\"wp-block-spacer\"><\/div>\n\n\n<div class=\"wp-block-post-date has-tiny-font-size\"><time datetime=\"2024-03-04T18:55:53-06:00\">4 de marzo de 2024<\/time><\/div>\n\n\n<div style=\"height:10px\" aria-hidden=\"true\" class=\"wp-block-spacer\"><\/div>\n\n\n<h2 style=\"line-height:1.5;\" class=\"wp-block-post-title has-large-font-size\"><a href=\"https:\/\/toroconductual.com\/index.php\/2024\/03\/04\/toma-de-decisiones-informada-sesgos-de-confirmacion-en-finanzas-y-como-contrarrestarlos\/\" target=\"_self\" >Toma de Decisiones Informada: Sesgos de Confirmaci\u00f3n en Finanzas y C\u00f3mo Contrarrestarlos.<\/a><\/h2>\n\n\n<div style=\"height:40px\" aria-hidden=\"true\" class=\"wp-block-spacer\"><\/div>\n\n<\/li><li class=\"wp-block-post post-474 post type-post status-publish format-standard has-post-thumbnail hentry category-finanzas-conductuales-patrimoniales tag-inversiones tag-patrimonio\">\n<figure class=\"wp-block-post-featured-image\"><img decoding=\"async\" width=\"2560\" height=\"1707\" src=\"https:\/\/toroconductual.com\/wp-content\/uploads\/2024\/01\/pexels-binyamin-mellish-106399-scaled.jpg\" class=\"attachment-post-thumbnail size-post-thumbnail wp-post-image\" alt=\"\" style=\"object-fit:cover;\" srcset=\"https:\/\/toroconductual.com\/wp-content\/uploads\/2024\/01\/pexels-binyamin-mellish-106399-scaled.jpg 2560w, https:\/\/toroconductual.com\/wp-content\/uploads\/2024\/01\/pexels-binyamin-mellish-106399-300x200.jpg 300w, https:\/\/toroconductual.com\/wp-content\/uploads\/2024\/01\/pexels-binyamin-mellish-106399-1024x683.jpg 1024w, https:\/\/toroconductual.com\/wp-content\/uploads\/2024\/01\/pexels-binyamin-mellish-106399-768x512.jpg 768w, https:\/\/toroconductual.com\/wp-content\/uploads\/2024\/01\/pexels-binyamin-mellish-106399-1536x1024.jpg 1536w, https:\/\/toroconductual.com\/wp-content\/uploads\/2024\/01\/pexels-binyamin-mellish-106399-2048x1365.jpg 2048w\" sizes=\"(max-width: 2560px) 100vw, 2560px\" \/><\/figure>\n\n\n<div style=\"height:20px\" aria-hidden=\"true\" class=\"wp-block-spacer\"><\/div>\n\n\n<div class=\"wp-block-post-date has-tiny-font-size\"><time datetime=\"2024-01-29T16:02:09-06:00\">29 de enero de 2024<\/time><\/div>\n\n\n<div style=\"height:10px\" aria-hidden=\"true\" class=\"wp-block-spacer\"><\/div>\n\n\n<h2 style=\"line-height:1.5;\" class=\"wp-block-post-title has-large-font-size\"><a href=\"https:\/\/toroconductual.com\/index.php\/2024\/01\/29\/tomando-decisiones-informadas-para-tu-futuro-hogar-comprar-o-arrendar\/\" target=\"_self\" >Tomando Decisiones Informadas para tu Futuro Hogar: Comprar o\u00a0Arrendar<\/a><\/h2>\n\n\n<div style=\"height:40px\" aria-hidden=\"true\" class=\"wp-block-spacer\"><\/div>\n\n<\/li><li class=\"wp-block-post post-423 post type-post status-publish format-standard has-post-thumbnail hentry category-finanzas-conductuales-patrimoniales tag-finanzaspersonales tag-inversiones tag-libertadfinanciera tag-patrimonio tag-riqueza\">\n<figure class=\"wp-block-post-featured-image\"><img decoding=\"async\" width=\"1880\" height=\"1253\" src=\"https:\/\/toroconductual.com\/wp-content\/uploads\/2023\/11\/pexels-photo-264636.jpeg\" class=\"attachment-post-thumbnail size-post-thumbnail wp-post-image\" alt=\"\" style=\"object-fit:cover;\" srcset=\"https:\/\/toroconductual.com\/wp-content\/uploads\/2023\/11\/pexels-photo-264636.jpeg 1880w, https:\/\/toroconductual.com\/wp-content\/uploads\/2023\/11\/pexels-photo-264636-300x200.jpeg 300w, https:\/\/toroconductual.com\/wp-content\/uploads\/2023\/11\/pexels-photo-264636-1024x682.jpeg 1024w, https:\/\/toroconductual.com\/wp-content\/uploads\/2023\/11\/pexels-photo-264636-768x512.jpeg 768w, https:\/\/toroconductual.com\/wp-content\/uploads\/2023\/11\/pexels-photo-264636-1536x1024.jpeg 1536w\" sizes=\"(max-width: 1880px) 100vw, 1880px\" \/><\/figure>\n\n\n<div style=\"height:20px\" aria-hidden=\"true\" class=\"wp-block-spacer\"><\/div>\n\n\n<div class=\"wp-block-post-date has-tiny-font-size\"><time datetime=\"2023-11-08T14:53:58-06:00\">8 de noviembre de 2023<\/time><\/div>\n\n\n<div style=\"height:10px\" aria-hidden=\"true\" class=\"wp-block-spacer\"><\/div>\n\n\n<h2 style=\"line-height:1.5;\" class=\"wp-block-post-title has-large-font-size\"><a href=\"https:\/\/toroconductual.com\/index.php\/2023\/11\/08\/la-trampa-de-la-marca-como-el-marketing-nos-conduce-a-preferir-las-marcas-comerciales-a-pesar-de-alternativas-mas-economicas\/\" target=\"_self\" >La Trampa de la Marca: C\u00f3mo el Marketing nos Conduce a Preferir las Marcas Comerciales a Pesar de Alternativas m\u00e1s Econ\u00f3micas<\/a><\/h2>\n\n\n<div style=\"height:40px\" aria-hidden=\"true\" class=\"wp-block-spacer\"><\/div>\n\n<\/li><li class=\"wp-block-post post-413 post type-post status-publish format-standard has-post-thumbnail hentry category-finanzas-conductuales-patrimoniales tag-finanzaspersonales tag-libertadfinanciera tag-patrimonio\">\n<figure class=\"wp-block-post-featured-image\"><img decoding=\"async\" width=\"1880\" height=\"1253\" src=\"https:\/\/toroconductual.com\/wp-content\/uploads\/2023\/10\/pexels-photo-7957754.jpeg\" class=\"attachment-post-thumbnail size-post-thumbnail wp-post-image\" alt=\"\" style=\"object-fit:cover;\" srcset=\"https:\/\/toroconductual.com\/wp-content\/uploads\/2023\/10\/pexels-photo-7957754.jpeg 1880w, https:\/\/toroconductual.com\/wp-content\/uploads\/2023\/10\/pexels-photo-7957754-300x200.jpeg 300w, https:\/\/toroconductual.com\/wp-content\/uploads\/2023\/10\/pexels-photo-7957754-1024x682.jpeg 1024w, https:\/\/toroconductual.com\/wp-content\/uploads\/2023\/10\/pexels-photo-7957754-768x512.jpeg 768w, https:\/\/toroconductual.com\/wp-content\/uploads\/2023\/10\/pexels-photo-7957754-1536x1024.jpeg 1536w\" sizes=\"(max-width: 1880px) 100vw, 1880px\" \/><\/figure>\n\n\n<div style=\"height:20px\" aria-hidden=\"true\" class=\"wp-block-spacer\"><\/div>\n\n\n<div class=\"wp-block-post-date has-tiny-font-size\"><time datetime=\"2023-10-11T18:44:18-06:00\">11 de octubre de 2023<\/time><\/div>\n\n\n<div style=\"height:10px\" aria-hidden=\"true\" class=\"wp-block-spacer\"><\/div>\n\n\n<h2 style=\"line-height:1.5;\" class=\"wp-block-post-title has-large-font-size\"><a href=\"https:\/\/toroconductual.com\/index.php\/2023\/10\/11\/escasez-y-compras-impulsivas-como-proteger-tus-finanzas-en-un-mundo-de-ofertas\/\" target=\"_self\" >Escasez y Compras Impulsivas: C\u00f3mo Proteger tus Finanzas en un Mundo de Ofertas<\/a><\/h2>\n\n\n<div style=\"height:40px\" aria-hidden=\"true\" class=\"wp-block-spacer\"><\/div>\n\n<\/li><li class=\"wp-block-post post-398 post type-post status-publish format-standard has-post-thumbnail hentry category-finanzas-conductuales-patrimoniales tag-finanzaspersonales tag-libertadfinanciera tag-riqueza\">\n<figure class=\"wp-block-post-featured-image\"><img decoding=\"async\" width=\"1880\" height=\"1255\" src=\"https:\/\/toroconductual.com\/wp-content\/uploads\/2023\/09\/pexels-photo-1181605.jpeg\" class=\"attachment-post-thumbnail size-post-thumbnail wp-post-image\" alt=\"\" style=\"object-fit:cover;\" srcset=\"https:\/\/toroconductual.com\/wp-content\/uploads\/2023\/09\/pexels-photo-1181605.jpeg 1880w, https:\/\/toroconductual.com\/wp-content\/uploads\/2023\/09\/pexels-photo-1181605-300x200.jpeg 300w, https:\/\/toroconductual.com\/wp-content\/uploads\/2023\/09\/pexels-photo-1181605-1024x684.jpeg 1024w, https:\/\/toroconductual.com\/wp-content\/uploads\/2023\/09\/pexels-photo-1181605-768x513.jpeg 768w, https:\/\/toroconductual.com\/wp-content\/uploads\/2023\/09\/pexels-photo-1181605-1536x1025.jpeg 1536w\" sizes=\"(max-width: 1880px) 100vw, 1880px\" \/><\/figure>\n\n\n<div style=\"height:20px\" aria-hidden=\"true\" class=\"wp-block-spacer\"><\/div>\n\n\n<div class=\"wp-block-post-date has-tiny-font-size\"><time datetime=\"2023-09-30T18:07:59-06:00\">30 de septiembre de 2023<\/time><\/div>\n\n\n<div style=\"height:10px\" aria-hidden=\"true\" class=\"wp-block-spacer\"><\/div>\n\n\n<h2 style=\"line-height:1.5;\" class=\"wp-block-post-title has-large-font-size\"><a href=\"https:\/\/toroconductual.com\/index.php\/2023\/09\/30\/gastar-con-conciencia-el-secreto-de-la-felicidad-financiera\/\" target=\"_self\" >Gastar con Conciencia: El Secreto de la Felicidad Financiera<\/a><\/h2>\n\n\n<div style=\"height:40px\" aria-hidden=\"true\" class=\"wp-block-spacer\"><\/div>\n\n<\/li><\/ul><\/div>\n\n\n\n<p><\/p>\n","protected":false},"excerpt":{"rendered":"<p>En Toro Conductual, nos apasiona compartir nuestro conocimiento y experiencia en terapia conductual en l\u00ednea. En nuestra p\u00e1gina de Recursos y Publicaciones, encontrar\u00e1s una variedad de art\u00edculos, videos y herramientas para ayudarte a comprender mejor los conceptos clave de la terapia conductual y aplicarlos a tu vida cotidiana. Desde t\u00e9cnicas de relajaci\u00f3n y manejo del estr\u00e9s hasta estrategias de comunicaci\u00f3n efectiva y resoluci\u00f3n de conflictos, nuestros recursos y publicaciones te ayudar\u00e1n a mejorar tu bienestar emocional y alcanzar tus objetivos de vida. \u00a1Explora nuestra p\u00e1gina de Recursos y Publicaciones hoy mismo!<\/p>\n","protected":false},"author":2,"featured_media":0,"parent":0,"menu_order":0,"comment_status":"open","ping_status":"closed","template":"","meta":{"footnotes":""},"class_list":["post-170","page","type-page","status-publish","hentry"],"_hostinger_reach_plugin_has_subscription_block":false,"_hostinger_reach_plugin_is_elementor":false,"_links":{"self":[{"href":"https:\/\/toroconductual.com\/index.php\/wp-json\/wp\/v2\/pages\/170","targetHints":{"allow":["GET"]}}],"collection":[{"href":"https:\/\/toroconductual.com\/index.php\/wp-json\/wp\/v2\/pages"}],"about":[{"href":"https:\/\/toroconductual.com\/index.php\/wp-json\/wp\/v2\/types\/page"}],"author":[{"embeddable":true,"href":"https:\/\/toroconductual.com\/index.php\/wp-json\/wp\/v2\/users\/2"}],"replies":[{"embeddable":true,"href":"https:\/\/toroconductual.com\/index.php\/wp-json\/wp\/v2\/comments?post=170"}],"version-history":[{"count":7,"href":"https:\/\/toroconductual.com\/index.php\/wp-json\/wp\/v2\/pages\/170\/revisions"}],"predecessor-version":[{"id":526,"href":"https:\/\/toroconductual.com\/index.php\/wp-json\/wp\/v2\/pages\/170\/revisions\/526"}],"wp:attachment":[{"href":"https:\/\/toroconductual.com\/index.php\/wp-json\/wp\/v2\/media?parent=170"}],"curies":[{"name":"wp","href":"https:\/\/api.w.org\/{rel}","templated":true}]}}